the prime factors of 78232?
2, 7, 11, 127
What are the prime factors of 6532?
2, 23, 71
What are the prime factors of 3855?
3, 5, 257
List the prime factors of 49403.
127, 389
List the prime factors of 24752.
2, 7, 13, 17
List the prime factors of 123674.
2, 61837
What are the prime factors of 2024?
2, 11, 23
What are the prime factors of 17164?
2, 7, 613
What are the prime factors of 2485?
5, 7, 71
What are the prime factors of 28672?
2, 7
What are the prime factors of 342?
2, 3, 19
What are the prime factors of 795?
3, 5, 53
List the prime factors of 1445.
5, 17
List the prime factors of 11676.
2, 3, 7, 139
What are the prime factors of 543?
3, 181
List the prime factors of 39940.
2, 5, 1997
What are the prime factors of 706?
2, 353
List the prime factors of 48354.
2, 3, 8059
What are the prime factors of 7887?
3, 11, 239
List the prime factors of 6863.
6863
What are the prime factors of 9466?
2, 4733
What are the prime factors of 70665?
3, 5, 7, 673
List the prime factors of 14688.
2, 3, 17
List the prime factors of 14666.
2, 7333
List the prime factors of 7572.
2, 3, 631
List the prime factors of 12497.
12497
What are the prime factors of 24362?
2, 13, 937
List the prime factors of 2837.
2837
List the prime factors of 2972.
2, 743
What are the prime factors of 18867?
3, 19, 331
List the prime factors of 14224.
2, 7, 127
What are the prime factors of 54?
2, 3
What are the prime factors of 390?
2, 3, 5, 13
What are the prime factors of 742?
2, 7, 53
List the prime factors of 9689.
9689
What are the prime factors of 24470?
2, 5, 2447
What are the prime factors of 2977?
13, 229
What are the prime factors of 198?
2, 3, 11
What are the prime factors of 10274?
2, 11, 467
What are the prime factors of 104766?
2, 3, 19, 919
What are the prime factors of 3210?
2, 3, 5, 107
List the prime factors of 2406.
2, 3, 401
What are the prime factors of 26006?
2, 13003
List the prime factors of 12244.
2, 3061
What are the prime factors of 12628?
2, 7, 11, 41
What are the prime factors of 1457?
31, 47
List the prime factors of 32355.
3, 5, 719
List the prime factors of 220.
2, 5, 11
What are the prime factors of 4334?
2, 11, 197
List the prime factors of 1400.
2, 5, 7
What are the prime factors of 643?
643
List the prime factors of 2577.
3, 859
List the prime factors of 2774.
2, 19, 73
What are the prime factors of 6900?
2, 3, 5, 23
List the prime factors of 1322.
2, 661
What are the prime factors of 31733?
13, 2441
List the prime factors of 1884.
2, 3, 157
List the prime factors of 452.
2, 113
List the prime factors of 257.
257
What are the prime factors of 5103?
3, 7
List the prime factors of 4030.
2, 5, 13, 31
What are the prime factors of 6423?
3, 2141
What are the prime factors of 862?
2, 431
What are the prime factors of 1952?
2, 61
What are the prime factors of 6565?
5, 13, 101
What are the prime factors of 11220?
2, 3, 5, 11, 17
What are the prime factors of 8092?
2, 7, 17
What are the prime factors of 1589?
7, 227
List the prime factors of 139.
139
What are the prime factors of 1468?
2, 367
List the prime factors of 11918.
2, 59, 101
List the prime factors of 67479.
3, 83, 271
What are the prime factors of 3722?
2, 1861
What are the prime factors of 645?
3, 5, 43
List the prime factors of 3424.
2, 107
What are the prime factors of 3630?
2, 3, 5, 11
What are the prime factors of 1255?
5, 251
List the prime factors of 2145.
3, 5, 11, 13
What are the prime factors of 59167?
59167
List the prime factors of 24551.
24551
What are the prime factors of 1011?
3, 337
What are the prime factors of 1196?
2, 13, 23
List the prime factors of 1238.
2, 619
List the prime factors of 4174.
2, 2087
What are the prime factors of 1607?
1607
What are the prime factors of 42740?
2, 5, 2137
What are the prime factors of 953?
953
List the prime factors of 4822.
2, 2411
List the prime factors of 141445.
5, 28289
What are the prime factors of 1172?
2, 293
What are the prime factors of 7119?
3, 7, 113
List the prime factors of 14962.
2, 7481
What are the prime factors of 16?
2
What are the prime factors of 67317?
3, 19, 1181
What are the prime factors of 20625?
3, 5, 11
What are the prime factors of 3268?
2, 19, 43
List the prime factors of 398.
2, 199
What are the prime factors of 204?
2, 3, 17
What are the prime factors of 25775?
5, 1031
What are the prime factors of 47807?
47807
What are the prime factors of 5170?
2, 5, 11, 47
List the prime factors of 37333.
37, 1009
What are the prime factors of 42056?
2, 7, 751
What are the prime factors of 85450?
2, 5, 1709
What are the prime factors of 1787?
1787
List the prime factors of 589.
19, 31
List the prime factors of 65998.
2, 32999
What are the prime factors of 683?
683
List the prime factors of 939.
3, 313
List the prime factors of 10035.
3, 5, 223
What are the prime factors of 7465?
5, 1493
List the prime factors of 3569.
43, 83
What are the prime factors of 2941?
17, 173
What are the prime factors of 1109?
1109
List the prime factors of 6417.
3, 23, 31
List the prime factors of 111.
3, 37
What are the prime factors of 44486?
2, 13, 29, 59
List the prime factors of 16024.
2, 2003
List the prime factors of 470.
2, 5, 47
List the prime factors of 3795.
3, 5, 11, 23
List the prime factors of 53577.
3, 5953
List the prime factors of 8848.
2, 7, 79
What are the prime factors of 2066?
2, 1033
List the prime factors of 18615.
3, 5, 17, 73
What are the prime factors of 10669?
47, 227
List the prime factors of 16124.
2, 29, 139
What are the prime factors of 21857?
11, 1987
List the prime factors of 86913.
3, 29, 37
What are the prime factors of 2103?
3, 701
List the prime factors of 1707.
3, 569
What are the prime factors of 6671?
7, 953
List the prime factors of 20428.
2, 5107
What are the prime factors of 1006?
2, 503
What are the prime factors of 10298?
2, 19, 271
List the prime factors of 31937.
109, 293
List the prime factors of 42609.
3, 7, 2029
List the prime factors of 3507.
3, 7, 167
List the prime factors of 92899.
92899
List the prime factors of 18969.
3, 6323
What are the prime factors of 4592?
2, 7, 41
What are the prime factors of 92039?
31, 2969
List the prime factors of 51855.
3, 5, 3457
What are the prime factors of 315?
3, 5, 7
List the prime factors of 1190.
2, 5, 7, 17
List the prime factors of 482.
2, 241
What are the prime factors of 58028?
2, 89, 163
What are the prime factors of 18261?
3, 2029
List the prime factors of 1205.
5, 241
List the prime factors of 1354.
2, 677
What are the prime factors of 123815?
5, 24763
What are the prime factors of 20387?
19, 29, 37
What are the prime factors of 1271?
31, 41
List the prime factors of 1057.
7, 151
What are the prime factors of 6472?
2, 809
List the prime factors of 1108.
2, 277
What are the prime factors of 7953?
3, 11, 241
What are the prime factors of 31495?
5, 6299
What are the prime factors of 2388?
2, 3, 199
What are the prime factors of 93763?
93763
List the prime factors of 101501.
101501
What are the prime factors of 42089?
42089
What are the prime factors of 6365?
5, 19, 67
List the prime factors of 101966.
2, 17, 2999
What are the prime factors of 910?
2, 5, 7, 13
What are the prime factors of 6748?
2, 7, 241
What are the prime factors of 89?
89
What are the prime factors of 119879?
313, 383
What are the prime factors of 286?
2, 11, 13
List the prime factors of 5053.
31, 163
List the prime factors of 604.
2, 151
List the prime factors of 716.
2, 179
What are the prime factors of 599?
599
What are the prime factors of 1396?
2, 349
What are the prime factors of 681?
3, 227
What are the prime factors of 35783?
11, 3253
What are the prime factors of 758?
2, 379
List the prime factors of 9158.
2, 19, 241
What are the prime factors of 385?
5, 7, 11
What are the prime factors of 2081?
2081
What are the prime factors of 411?
3, 137
What are the prime factors of 574?
2, 7, 41
What are the prime factors of 121898?
2, 7, 8707
List the prime factors of 23.
23
What are the prime factors of 12?
2, 3
What are the prime factors of 617?
617
List the prime factors of 21604.
2, 11, 491
What are the prime factors of 2184?
2, 3, 7, 13
What are the prime factors of 15945?
3, 5, 1063
List the prime factors of 1202.
2, 601
List the prime factors of 24643.
19, 1297
What are 